-24))).
271
Let q(z) = 4*z**2 - 5*z - 2. Suppose -11 - 9 = 5*b. List the prime factors of q(b).
2, 41
Let w(b) = 7*b + 4. Let t be w(-5). Let y = t + 38. List the prime factors of y.
7
Let m(g) = g + 2. Let n(k) = k**2 + 16*k - 2. Let p be n(-16). Let t be m(p). Suppose t = -2*i + 7 + 17. What are the prime factors of i?
2, 3
Let d(v) = -v**2 + 10*v - 8. Let u be d(8). Suppose i = 5*k + 15, 2*i + 26 = 4*k - u*k. What are the prime factors of 12/4 - k/1?
7
Let b(c) = -c**3 + 13*c**2 - 11*c + 7. Let r be 56/9 - 2/9. Let w be r*(-2)/(-4) - -9. What are the prime factors of b(w)?
19
Suppose 3*j + 4*h = 5546, 10*j - 5570 = 7*j + 2*h. What are the prime factors of j?
2, 3, 103
Let c be (-22531)/(-13) + -1 - 22/143. List the prime factors of 12*c/104 + 2/13.
2, 5
Let n be -2*(1 + 2)*1. Let c be ((-8)/(-3))/(2/n). List the prime factors of (-22)/c*(4 - 0).
11
Let m(g) = -215*g - 54. What are the prime factors of m(-3)?
3, 197
Suppose 3*z - 22461 = -5*t, z + 1 = -2. List the prime factors of t.
2, 3, 7, 107
Let r be 0 + 26 - (5 - 1). Let t(z) = -2*z + 5*z + r*z. What are the prime factors of t(1)?
5
Suppose -2*a + 80 = -834. What are the prime factors of (a - 5)*3/4?
3, 113
Let i be 0 + 90 + (36/6)/6. Suppose -i - 111 = -2*r. List the prime factors of r.
101
Let x be -1 + 2 + 11 + -12. Suppose 0 = -2*b - x*b + 42. What are the prime factors of b?
3, 7
Suppose 5*o - 9 = 4*l + 8, 3 = 4*l - o. Suppose -2*s - l*s = -16. Suppose -3*j - 15 = 0, 0 = 2*h + s*j - 0 + 14. What are the prime factors of h?
3
Let d(s) = -116*s - 197. List the prime factors of d(-14).
1427
What are the prime factors of ((-15)/25 + 3)/(8/1060)?
2, 3, 53
Let j(v) = 3*v**3 - v**2. Suppose 0 = -b, 2*k = -10*b + 5*b + 4. What are the prime factors of j(k)?
2, 5
Let t be (36/(-24))/(3/8). Let h be 3 - -5*(3 + t). Let v(p) = -18*p + 4. What are the prime factors of v(h)?
2, 5
Let u = 1 + 1. Suppose -3 = -z + u. Suppose -z*j + 49 = -106. What are the prime factors of j?
31
List the prime factors of ((-12620)/60)/((-2)/6).
631
Let c(b) = -b**3 + 7*b**2 - 6*b - 6. What are the prime factors of c(-7)?
2, 19
Suppose -1265 = -3*t + 4360. List the prime factors of (-7)/42 + t/18.
2, 13
Let v be (3 + -2)*1*-3. Let b be v + 0 + 12/(-4). List the prime factors of 29 + b - (-3)/1.
2, 13
Let s be 4/8*-1*-2. Suppose m - 34 = s. List the prime factors of 16/20*m/2.
2, 7
Suppose -2*g + 10 + 0 = 0. What are the prime factors of 34 - -1 - (-5 + g)?
5, 7
Let c = 193 + -87. Let d = 182 - c. List the prime factors of d.
2, 19
Let i(j) = -j**3 - 12*j**2 - 3*j - 13. Let s be i(-13). Suppose s - 39 = 3*m. List the prime factors of m.
2, 13
Let r be (-105)/(-9) + (-6)/9. Let c = 10 - r. Let l(i) = -7*i - 1. List the prime factors of l(c).
2, 3
Let p(w) = w**3 - 11*w**2 + 5*w - 11. Let g be p(12). Suppose -2*i + 2*m + g = -3*m, -4*m - 196 = -2*i. Let y = -37 + i. List the prime factors of y.
67
Suppose 9*u = u + 1792. What are the prime factors of u?
2, 7
Let o = 665 - 462. Let a = o - 115. What are the prime factors of a?
2, 11
Suppose -7*r = -2119 - 2676. What are the prime factors of r?
5, 137
Let r(g) = -2*g**3 - 94. Let a(l) = -l**3 + l. Let s(c) = a(c) - r(c). Let j be s(0). Let q = j - 48. What are the prime factors of q?
2, 23
Suppose 118 = -4*s - 4*h + 2*h, 3*s + 96 = -3*h. Let u = s + 45. What are the prime factors of u?
2, 3
List the prime factors of (-2)/(-4)*(348 - (-16 + 6)).
179
Let y = 94 + -67. Let v = y + -49. Let w = v + 39. List the prime factors of w.
17
Suppose 13*v - 18*v = -5120. List the prime factors of v.
2
Suppose 3*x - 2*p - 144 = -1, 0 = -4*p + 20. List the prime factors of x + (1 - 4) + 0.
2, 3
Let w be 2/(-3) + 304/(-12). Let d = w - -9. Let t = 22 + d. List the prime factors of t.
5
Let k(c) = c**3 - 30*c**2 + 32*c - 57. What are the prime factors of k(29)?
2, 3, 5
Let w(m) = 326*m**2 - 2*m + 4. What are the prime factors of w(2)?
2, 163
Suppose l - 2*v = -2*l, 3*l = -v. Suppose 5*z = 5*p - 135, l = -0*z + 3*z. Let g = p + 16. What are the prime factors of g?
43
Let x(d) = 2*d**2 + 16*d - 6. Let p(y) = -y**3 - 8*y**2 + 4*y + 20. Let o be p(-8). List the prime factors of x(o).
2, 3, 5
Let t(z) = z**3 + 5. Let g be t(0). Suppose g*j + 150 = -50. List the prime factors of (12/(-10))/(3/j).
2
Suppose 0 = -6*c + 865 + 4037. List the prime factors of c.
19, 43
Let x = -281 + 3948. List the prime factors of x.
19, 193
Suppose -39*z = -12*z - 12420. What are the prime factors of z?
2, 5, 23
Suppose 3*h - 8 = 7. Suppose h*a - 4*o + 161 = -0, 5*a + 166 = -o. Let f = -16 - a. What are the prime factors of f?
17
Let u(i) = i - 2. Let n be u(-5). Let c be (-18)/4 - n/14. List the prime factors of (c/6)/((-12)/90).
5
Let v(i) be the first derivative of i**4/4 - 19*i**3/3 + i**2/2 - 8*i + 9. List the prime factors of v(19).
11
Suppose 9*d - 10642 - 4460 = 0. What are the prime factors of d?
2, 839
Let w(u) = 4*u**2 + 51*u - 220. What are the prime factors of w(19)?
3, 17, 43
Suppose 6 = 5*v + 6. Suppose 89 = 4*i + 4*z - 15, -4*i - z + 116 = v. List the prime factors of i.
2, 3, 5
Suppose -6*c = -3*c - 321. Let y = 176 - c. What are the prime factors of y?
3, 23
Let o(j) = 8 - 2*j + 6*j**2 - 1 - 6 + 0. Let n be o(2). Let w = 55 - n. List the prime factors of w.
2, 17
List the prime factors of 5383 + (2 + 7 - 14).
2, 2689
Let p(u) = u**2 + 13*u + 9. Let j be p(-17). Let q = j + -32. What are the prime factors of q?
3, 5
Let y(o) = 9 - 5*o**3 + 4*o**3 + 4*o**2 - 3*o - 6. List the prime factors of y(3).
3
Let w(d) = -d**2 + d - 1. Let k be 56/(-10) - (-2)/(-5). Let s(o) = -5*o**2 + 6*o - 5. Let c(t) = k*w(t) + s(t). List the prime factors of c(2).
5
Let i = 24 - 17. Let f be ((-2)/(-12)*28)/(2/12). What are the prime factors of (f/98)/(1/i)?
2
Suppose 0 = 25*d - 26*d + 1. What are the prime factors of 94*(d - 21/6)/(-5)?
47
Let r(k) = 6*k**2 + k + 7. Suppose 3*z + 21 = -4*v, 0 = -4*z + 2*v - 1 - 5. List the prime factors of r(z).
2, 29
Suppose 3*r + 5*z = 7*r - 1, -3*r = 3*z - 21. Let u(y) = -y**3 + 7*y**2 - 3*y. Let x be u(r). What are the prime factors of (3 + x/16)*4?
3, 7
Let t = -25 - -26. Let q(z) be the second derivative of z**5/5 + z**4/12 - z**3/6 - 2*z. What are the prime factors of q(t)?
2
Let t = -17 - 19. What are the prime factors of 2 + t/14 + (-1684)/(-7)?
2, 3, 5
Let r be (76/(-10) + 0)*-5. Let j = r - 20. What are the prime factors of j?
2, 3
Suppose 2*r = -2*r - 4. Let g be r/(-2*(-4)/(-1816)). Suppose -22 = 5*p - g. List the prime factors of p.
41
Let g(n) = 11*n**2 - 2*n - 5. Let q(l) = 34*l**2 - 6*l - 14. Let h(s) = -17*g(s) + 6*q(s). List the prime factors of h(1).
2
Let y = -246 - -550. What are the prime factors of y?
2, 19
Let m(s) = 9*s - 33. Suppose 0*k + 168 = 14*k. List the prime factors of m(k).
3, 5
Let h(j) = j**2 - 3*j. Let p be h(3). Suppose -2*c = 4*k - 0*c - 766, p = -4*k + 3*c + 741. List the prime factors of k.
3, 7
Let n = -28 + 33. Suppose 3*v + 169 = n*f, -29 = -f - 3*v + 2*v. What are the prime factors of f?
2
Suppose 16*z - 11460 = 10*z. What are the prime factors of z?
2, 5, 191
Let w = 4860 + -1530. What are the prime factors of w?
2, 3, 5, 37
Let l(x) = x**3 - 3*x**2 - 8*x. Let j be l(5). Let n be (-6)/(-4) - (-21)/6. What are the prime factors of 1/(n/j) - -18?
2, 5
Let f = -2608 + 4280. What are the prime factors of f?
2, 11, 19
List the prime factors of ((-434)/(-4))/(24/48).
7, 31
Suppose 758*m = 750*m + 20632. List the prime factors of m.
2579
Suppose 8*y + 5*w = 3*y + 1365, -2*y + 526 = -3*w. Suppose -67 = f - 2*f + 4*k, 5*f = -2*k + y. What are the prime factors of f?
5, 11
Let r = -28 - 5. What are the prime factors of r*(-4 + 3)*1?
3, 11
Let i(h) = 954*h - 16. What are the prime factors of i(2)?
2, 11, 43
Let t = 622 + -73. List the prime factors of t.
3, 61
Suppose -3*s + 3619 = -4*b, -8103 = -4*s + 4*b - 3283. List the prime factors of s.
1201
Suppose 2*f + 3*f - 3 = k, -5*f - 1 = -3*k. Suppose -3*r + 491 = 2*n, -f = 3*r + 2. What are the prime factors of n?
13, 19
Let v be ((-1)/2)/((-5)/30). Suppose -w + s + 0*s = -31, -4*s + 86 = v*w. Suppose r + 7 = w. What are the prime factors of r?
23
Suppose p - 3252 - 2343 = 4*w, 15 = -5*w. What are the prime factors of p?
3, 1861
Suppose -63*k + 50*k = -21619. List the prime factors of k.
1663
L